mainder when 468 is divided by 237?
231
Calculate the remainder when 207 is divided by 26.
25
What is the remainder when 42 is divided by 10?
2
What is the remainder when 44 is divided by 4?
0
Calculate the remainder when 3016 is divided by 108.
100
Calculate the remainder when 983 is divided by 33.
26
What is the remainder when 800 is divided by 792?
8
Calculate the remainder when 10 is divided by 10.
0
What is the remainder when 2035 is divided by 170?
165
What is the remainder when 4434 is divided by 4?
2
Calculate the remainder when 199 is divided by 53.
40
What is the remainder when 652 is divided by 627?
25
What is the remainder when 129 is divided by 50?
29
What is the remainder when 30 is divided by 13?
4
What is the remainder when 19 is divided by 11?
8
What is the remainder when 77 is divided by 39?
38
Calculate the remainder when 122 is divided by 114.
8
Calculate the remainder when 26619 is divided by 416.
411
Calculate the remainder when 363 is divided by 61.
58
What is the remainder when 200 is divided by 97?
6
What is the remainder when 384 is divided by 11?
10
What is the remainder when 85 is divided by 19?
9
Calculate the remainder when 3140 is divided by 55.
5
What is the remainder when 157 is divided by 51?
4
What is the remainder when 1358 is divided by 85?
83
What is the remainder when 257 is divided by 86?
85
What is the remainder when 111 is divided by 21?
6
What is the remainder when 14012 is divided by 4668?
8
Calculate the remainder when 248 is divided by 241.
7
Calculate the remainder when 410 is divided by 137.
136
Calculate the remainder when 19 is divided by 14.
5
What is the remainder when 35 is divided by 18?
17
Calculate the remainder when 242 is divided by 81.
80
What is the remainder when 744 is divided by 47?
39
Calculate the remainder when 696 is divided by 142.
128
Calculate the remainder when 1195 is divided by 16.
11
Calculate the remainder when 523 is divided by 140.
103
What is the remainder when 2471 is divided by 79?
22
Calculate the remainder when 1225 is divided by 3.
1
What is the remainder when 130 is divided by 49?
32
What is the remainder when 63 is divided by 42?
21
What is the remainder when 49 is divided by 30?
19
What is the remainder when 737 is divided by 273?
191
Calculate the remainder when 22003 is divided by 163.
161
What is the remainder when 66 is divided by 13?
1
What is the remainder when 481 is divided by 18?
13
Calculate the remainder when 841 is divided by 354.
133
What is the remainder when 4551 is divided by 134?
129
What is the remainder when 612 is divided by 590?
22
Calculate the remainder when 1111 is divided by 60.
31
What is the remainder when 429 is divided by 209?
11
Calculate the remainder when 1300 is divided by 31.
29
What is the remainder when 487 is divided by 238?
11
What is the remainder when 1288 is divided by 80?
8
What is the remainder when 1005 is divided by 14?
11
Calculate the remainder when 2479 is divided by 22.
15
What is the remainder when 2065 is divided by 687?
4
What is the remainder when 4765 is divided by 1566?
67
Calculate the remainder when 3062 is divided by 15.
2
Calculate the remainder when 526 is divided by 523.
3
Calculate the remainder when 242 is divided by 41.
37
What is the remainder when 1098 is divided by 25?
23
Calculate the remainder when 51 is divided by 13.
12
Calculate the remainder when 1942 is divided by 329.
297
Calculate the remainder when 26 is divided by 2.
0
Calculate the remainder when 3720 is divided by 919.
44
Calculate the remainder when 280 is divided by 48.
40
Calculate the remainder when 141 is divided by 48.
45
What is the remainder when 1037 is divided by 106?
83
Calculate the remainder when 814 is divided by 24.
22
Calculate the remainder when 112 is divided by 20.
12
What is the remainder when 13496 is divided by 10?
6
What is the remainder when 3464 is divided by 1730?
4
What is the remainder when 939 is divided by 307?
18
Calculate the remainder when 725 is divided by 43.
37
Calculate the remainder when 82 is divided by 24.
10
What is the remainder when 176 is divided by 89?
87
What is the remainder when 976 is divided by 35?
31
What is the remainder when 2310 is divided by 763?
21
Calculate the remainder when 638 is divided by 32.
30
What is the remainder when 33 is divided by 18?
15
What is the remainder when 702 is divided by 3?
0
Calculate the remainder when 940 is divided by 23.
20
Calculate the remainder when 36 is divided by 16.
4
What is the remainder when 428 is divided by 33?
32
Calculate the remainder when 88 is divided by 70.
18
Calculate the remainder when 237 is divided by 50.
37
What is the remainder when 69 is divided by 10?
9
Calculate the remainder when 48 is divided by 24.
0
Calculate the remainder when 418 is divided by 30.
28
What is the remainder when 498 is divided by 167?
164
Calculate the remainder when 196 is divided by 66.
64
Calculate the remainder when 530 is divided by 254.
22
What is the remainder when 126 is divided by 47?
32
Calculate the remainder when 6189 is divided by 86.
83
Calculate the remainder when 212 is divided by 66.
14
Calculate the remainder when 1708 is divided by 350.
308
Calculate the remainder when 266 is divided by 34.
28
What is the remainder when 92 is divided by 86?
6
What is the remainder when 1061 is divided by 152?
149
Calculate the remainder when 96 is divided by 17.
11
Calculate the remainder when 35 is divided by 10.
5
Calculate the remainder when 766 is divided by 24.
22
Calculate the remainder when 174 is divided by 146.
28
What is the remainder when 33 is divided by 12?
9
What is the remainder when 256 is divided by 97?
62
Calculate the remainder when 44 is divided by 15.
14
Calculate the remainder when 190 is divided by 190.
0
Calculate the remainder when 7070 is divided by 18.
14
What is the remainder when 5291 is divided by 12?
11
Calculate the remainder when 191 is divided by 65.
61
What is the remainder when 15516 is divided by 21?
18
Calculate the remainder when 246 is divided by 229.
17
What is the remainder when 1400 is divided by 236?
220
What is the remainder when 1803 is divided by 175?
53
What is the remainder when 2177 is divided by 121?
120
Calculate the remainder when 291 is divided by 36.
3
What is the remainder when 80 is divided by 26?
2
Calculate the remainder when 128 is divided by 23.
13
Calculate the remainder when 1758 is divided by 16.
14
Calculate the remainder when 5826 is divided by 24.
18
What is the remainder when 3300 is divided by 257?
216
Calculate the remainder when 250 is divided by 15.
10
Calculate the remainder when 262 is divided by 26.
2
What is the remainder when 792 is divided by 13?
12
What is the remainder when 300 is divided by 43?
42
Calculate the remainder when 653 is divided by 41.
38
Calculate the remainder when 597 is divided by 120.
117
Calculate the remainder when 538 is divided by 106.
8
Calculate the remainder when 242 is divided by 46.
12
Calculate the remainder when 67 is divided by 28.
11
Calculate the remainder when 59 is divided by 15.
14
What is the remainder when 85 is divided by 13?
7
Calculate the remainder when 176 is divided by 49.
29
What is the remainder when 740 is divided by 14?
12
What is the remainder when 4481 is divided by 83?
82
Calculate the remainder when 124 is divided by 53.
18
What is the remainder when 986 is divided by 327?
5
Calculate the remainder when 883 is divided by 13.
12
What is the remainder when 53 is divided by 16?
5
Calculate the remainder when 35813 is divided by 37.
34
What is the remainder when 11017 is divided by 688?
9
Calculate the remainder when 81 is divided by 28.
25
What is the remainder when 80 is divided by 33?
14
What is the remainder when 554 is divided by 138?
2
What is the remainder when 3892 is divided by 118?
116
What is the remainder when 892 is divided by 156?
112
What is the remainder when 1901 is divided by 932?
37
What is the remainder when 57 is divided by 1?
0
Calculate the remainder when 108 is divided by 20.
8
What is the remainder when 961 is divided by 128?
65
Calculate the remainder when 148 is divided by 14.
8
Calculate the remainder when 4717 is divided by 143.
141
Calculate the remainder when 14129 is divided by 10.
9
W